 Calculate the remainder when 398 is divided by x(20).
1
Let a(f) = -3*f**3 + 4*f**2 + 6*f - 16. Let x be a(3). Let h = 77 - x. Calculate the remainder when h is divided by (-2)/((6/61)/(-3)).
59
Let l(u) = 20*u**2 + 14*u - 16. Let w be l(2). Suppose p - w = -t, 2*t - 211 = -3*p + 62. Calculate the remainder when p is divided by 6.
5
Let j = -205 + 208. Suppose 4*f - 226 = -j*q, 0*f = 3*q + 3*f - 228. What is the remainder when q is divided by 36?
6
Suppose -5*n - 5 = 0, -206 = -3*k + 12*n + 265. Calculate the remainder when 555 is divided by k.
96
Suppose -26656 + 12348 = -310*m + 19172. Let g(h) = 3*h**2 - 5*h + 1. Calculate the remainder when m is divided by g(4).
21
Let h(g) = g + 33. Let b be h(-30). Suppose -5*k = -5*z - 175, -4*k - b*z + 15 = -3*k. Calculate the remainder when 31 is divided by k.
1
Calculate the remainder when (2 - -1)/((-38)/(86640/(-90))) is divided by 25.
1
Suppose -2*f = 642 + 784. Let l = 165 - f. Calculate the remainder when l is divided by 98.
94
Suppose -21*q + 502 = -254. Let w = 78 - -22. What is the remainder when w is divided by q?
28
Let u = -1330 - -1345. Calculate the remainder when 2411 is divided by u.
11
Let o(j) = -4*j**3 - 9*j**2 - 3*j - 2. Let m be o(-5). Suppose -m = 6*k + 450. Calculate the remainder when 40 is divided by -1 + k/(-15) + 3/(-15).
5
Let z(a) = 198*a**2 - 9*a + 7. Suppose -c + 4 = 9*h - 10*h, -17 = 3*h - 4*c. What is the remainder when z(h) is divided by 9?
7
Let a be -79*2/(10/5). Let y = a + 88. Calculate the remainder when 130 is divided by 10/(-15) - (-159)/y.
11
Let v(y) = y**2 + 14*y - 49. Let s be v(-17). Calculate the remainder when (-14)/(-14) + (83 - s) is divided by 49.
33
Let s = 6 + 39. Let h(l) = 7*l - 60. Calculate the remainder when h(21) is divided by s.
42
Suppose 0 = 114*s + 94*s - 194*s - 117796. What is the remainder when s is divided by 85?
84
Suppose -3*m - 92 + 659 = 0. Let g = 1147 + -771. Suppose -7*n = -g + 208. What is the remainder when m is divided by n?
21
Let j = -39 - -60. Let z(g) = -26*g**2 + 419. What is the remainder when z(0) is divided by j?
20
Suppose 190*g + 10 = 195*g. Suppose -11*h = g*h - 650. Calculate the remainder when 149 is divided by h.
49
Let l(s) = -604*s**3 + 7*s**2 + 61*s + 54. What is the remainder when 629 is divided by l(-1)?
25
Suppose 3*m - 550 = -1. Suppose 6*z - 3*h = 270, -35*z + h - 48 = -36*z. What is the remainder when m is divided by z?
45
Let i = 70 - 2. Suppose 5*g = -b + 65, 70 = b + g + 9. Calculate the remainder when i is divided by b.
8
Let l(k) = -11*k - 52. Let d(i) = 22*i + 104. Let q(p) = 3*d(p) + 5*l(p). What is the remainder when 71 is divided by q(-3)?
14
Suppose -6*f = -2 - 10. Suppose j - 171 = -f*j. Let r(y) = -y**3 + 5*y**2 + y + 1. What is the remainder when j is divided by r(5)?
3
Suppose 0 = -2*v + v + 4*l + 24, 5*v - 5*l = 60. Let g(x) = x**3 - 4*x**2 - 17*x - 22. Let z be g(7). What is the remainder when (z - 5)/(1/16) is divided by v?
0
Let y(u) = 2*u**2 + 4*u - 253. Calculate the remainder when 2054 is divided by y(-15).
136
Let q be ((-36)/9)/((-4)/18*-1). Suppose 0 = -3*f + 3*p - 7*p - 127, -4*p - 176 = 4*f. Let k = q - f. What is the remainder when k is divided by 17?
14
Suppose 0*u + 4*j = -3*u + 353, -u - 3*j + 126 = 0. What is the remainder when u is divided by (1 + -29)*6/(-12)?
13
Suppose 43*m + 80*m = 24*m + 316404. Calculate the remainder when m is divided by 123.
121
Suppose 0 = 8*d - 22 + 6. Suppose -d*l + 103 = -3*p, 4*p - 124 = 13*l - 15*l. What is the remainder when l is divided by 23?
10
Let f(p) = p**3 + 32*p**2 + 36*p + 294. Calculate the remainder when 3334 is divided by f(-31).
137
Suppose 0 = -37*r - 10065 + 13543. What is the remainder when 1591 is divided by r?
87
Suppose 4*r = 15 + 29. Suppose 3*x = 2*n - 265 + 896, 2*n + 426 = 2*x. What is the remainder when x is divided by r?
7
Suppose 14 - 53 = -13*q. Suppose q*x = 2611 - 781. Calculate the remainder when x is divided by 34.
32
Suppose -2*o - 639 = -2*u + 989, 4067 = 5*u - 4*o. Suppose 0 = -818*v + u*v + 252. Calculate the remainder when v is divided by 21.
15
Let u(i) = -i**3 - 5*i**2 + 5*i + 5. Let r(h) = h**2 - 523*h + 49494. Calculate the remainder when r(124) is divided by u(-6).
7
Let n = 248 + -177. Calculate the remainder when 282 is divided by n.
69
Let j = -185 + 584. Let g = j + -356. Calculate the remainder when 1 + -1 - 0 - -85 is divided by g.
42
Let t(h) = 16*h**2 + 14 - 10 + 16 - 15*h**2 + 7*h. Calculate the remainder when 181 is divided by t(-6).
13
Suppose 2*j - 3*j + 28 = 0. Suppose 29*q = 31*q - 10. Suppose -8*r = -4*b - q*r + 60, -b + 15 = -r. What is the remainder when j is divided by b?
13
Let s be 2/(-3) + 6*402/54. Suppose 18*k + y + s = 20*k, -k + 5*y = -31. What is the remainder when 229 is divided by k?
19
Suppose -56*t - 3*w = -55*t - 224, 5*t - 3*w = 1120. What is the remainder when 470 is divided by t?
22
Let l = -25 - -25. Suppose b + 3*a - 7*a - 17 = l, 0 = 5*a - 20. What is the remainder when b is divided by 9?
6
Suppose -2*m - f = -1815, -26*m + 1770 = -24*m - 4*f. What is the remainder when m is divided by 223?
11
Calculate the remainder when (-3280)/(-12)*(-4 + 33/6) is divided by 46.
42
Let f be 10*82/16 - 2/8. Let i(x) = -5*x + 28*x**2 + 25*x**2 - f*x**2 - 8. Calculate the remainder when 62 is divided by i(5).
11
Let b(a) = a + 16. Let s be (-1)/4*-4 - 52. Let c = s + 128. What is the remainder when c is divided by b(11)?
23
Let x(s) = -s**2 - 145*s - 53. What is the remainder when x(-8) is divided by 18?
17
Let u = -286 + 180. Let k = u + 144. What is the remainder when 96 is divided by k?
20
Let z(d) = -3*d**2 - 62*d + 31. Let j be z(-24). Let w(p) = -p + 2. Let o be w(3). Calculate the remainder when 59 is divided by ((-4)/18 - j/9) + o.
15
Let i(c) be the second derivative of -2*c**3/3 + c**2 + c. Let p(d) = d**3 + 25*d**2 + 333*d + 9385. What is the remainder when p(-26) is divided by i(-6)?
25
Suppose 3*x - 44 = -0*l - l, -2*l + 2*x = -48. Let z(d) = -d**3 + 14*d**2 + 23*d - 63. What is the remainder when z(15) is divided by l?
28
Suppose -u + 1 = 0, 2*u - 3*u = 5*m - 61. Suppose -n - m = 7*q - 4*q, -3*n + 2*q = -19. What is the remainder when 78 is divided by -15*((-20)/(-12) - n)?
18
Suppose 2*s - 24 = -3*h, 5*h = -4*s - 11 + 49. Let a(f) = -f**3 + 8*f**2 + 20*f + 9. What is the remainder when 134 is divided by a(h)?
8
Let s(t) = 388*t + 2425. Calculate the remainder when 108 is divided by s(-6).
11
Let r(a) = 3*a**2 + 7*a - 12. What is the remainder when r(-5) is divided by 8?
4
Let i be ((-200)/500)/((-1)/(-1080)). What is the remainder when 51 is divided by ((-20)/18)/(24/i)?
11
Let s = -178 - -190. Calculate the remainder when 417 is divided by s.
9
What is the remainder when 208 is divided by 48804/364 + 1/(-13) - -3?
71
What is the remainder when 926 is divided by (-1*(-44)/99*-3)/(2/(-45))?
26
What is the remainder when 756 is divided by ((-8)/(-72)*-6)/((-2)/126)?
0
Calculate the remainder when 684 is divided by (-280)/84*-3*335/10.
14
Let j = -2651 + 2664. Calculate the remainder when 25 is divided by j.
12
Calculate the remainder when 1229 is divided by ((-3)/2)/(736/2240 + (-2)/5).
11
Let h = -35 + 43. Let s be -14 + 1*h/4. What is the remainder when 3*(2 + (-292)/s) is divided by 20?
19
Suppose 117 = 11*n - 59. Let c be (-34)/(-4) + 0 + (-3)/(-6). Suppose -c*g = -g - n. Calculate the remainder when 7 is divided by g.
1
Let d(k) = k**3 + 10*k**2 + 8*k - 7. Let n be d(-9). Suppose -5*v - 5*h = 0, -2 = 4*v + 3*h + n. Calculate the remainder when 6/8 - 1 - 193/v is divided by 25.
23
Suppose 0 = -39*t + 15591 + 1530. Calculate the remainder when t is divided by 48.
7
Suppose 61*f - 26768 = 35*f - 6592. What is the remainder when f is divided by 17?
11
Suppose 6677 - 475 = 7*h. What is the remainder when h is divided by 12?
10
Let q = -954 + 1115. Calculate the remainder when q is divided by 16.
1
What is the remainder when 674 is divided by 6*(-46)/9*(-102)/136?
7
Suppose -3*n = -4*y + 3*y - 25, -y = 4. Suppose 2*u + 3*v = 292, 3*u - v + 144 = 4*u. What is the remainder when u/15*3/2 is divided by n?
0
Suppose -5*u - 3*n + 208 = 0, 772*u + 84 = 775*u - 5*n. What is the remainder when 814 is divided by u?
16
Let a(w) = 8*w - 71. Let r(s) = -8*s + 73. Let h(v) = 